{"id":83652,"date":"2020-05-25T09:42:32","date_gmt":"2020-05-25T08:42:32","guid":{"rendered":"https:\/\/tunels.cat\/?page_id=83652"},"modified":"2021-07-16T08:29:58","modified_gmt":"2021-07-16T07:29:58","slug":"empresa","status":"publish","type":"page","link":"https:\/\/tunels.cat\/es\/empresa\/","title":{"rendered":"Empresa"},"content":{"rendered":"<div class=\"wpb-content-wrapper\"><p>[vc_row unlock_row_content=\u00bbyes\u00bb row_height_percent=\u00bb0&#8243; override_padding=\u00bbyes\u00bb h_padding=\u00bb0&#8243; top_padding=\u00bb0&#8243; bottom_padding=\u00bb0&#8243; overlay_alpha=\u00bb50&#8243; equal_height=\u00bbyes\u00bb gutter_size=\u00bb0&#8243; column_width_percent=\u00bb100&#8243; shift_y=\u00bb0&#8243; z_index=\u00bb0&#8243; mobile_visibility=\u00bbyes\u00bb][vc_column column_width_percent=\u00bb100&#8243; gutter_size=\u00bb3&#8243; back_image=\u00bb9&#8243; overlay_alpha=\u00bb50&#8243; shift_x=\u00bb0&#8243; shift_y=\u00bb0&#8243; shift_y_down=\u00bb0&#8243; z_index=\u00bb0&#8243; medium_width=\u00bb0&#8243; mobile_width=\u00bb0&#8243; width=\u00bb5\/12&#8243; mobile_height=\u00bb340&#8243;][vc_single_image media=\u00bb82811&#8243; media_width_percent=\u00bb100&#8243;][vc_single_image media=\u00bb82815&#8243; media_width_percent=\u00bb100&#8243;][vc_single_image media=\u00bb82816&#8243; media_width_percent=\u00bb100&#8243;][\/vc_column][vc_column column_width_use_pixel=\u00bbyes\u00bb gutter_size=\u00bb3&#8243; override_padding=\u00bbyes\u00bb column_padding=\u00bb2&#8243; overlay_alpha=\u00bb50&#8243; shift_x=\u00bb0&#8243; shift_y=\u00bb0&#8243; shift_y_down=\u00bb0&#8243; z_index=\u00bb0&#8243; medium_width=\u00bb0&#8243; mobile_width=\u00bb0&#8243; width=\u00bb7\/12&#8243; column_width_pixel=\u00bb528&#8243;][vc_column_text text_lead=\u00bbyes\u00bb]La sociedad con la denominaci\u00f3n social de\u00a0<strong>T\u00fanels de<\/strong>\u00a0<strong>Barcelona i Cad\u00ed, Concession\u00e0ria de la Generalitat de Catalunya, SA<\/strong>, ha sido la adjudicataria del contrato de gesti\u00f3n de servicio p\u00fablico en r\u00e9gimen de concesi\u00f3n para la conservaci\u00f3n y explotaci\u00f3n de los t\u00faneles de Vallvidrera y sus accesos, y del t\u00fanel del cad\u00ed y sus accesos, inici\u00e1ndose la explotaci\u00f3n en el a\u00f1o 2013.<\/p>\n<p>La sociedad est\u00e1 dirigida, administrada y representada por el Consejo de Administraci\u00f3n, integrado por seis miembros en representaci\u00f3n de los accionistas.[\/vc_column_text][\/vc_column][\/vc_row][vc_row unlock_row_content=\u00bbyes\u00bb row_height_percent=\u00bb0&#8243; override_padding=\u00bbyes\u00bb h_padding=\u00bb0&#8243; top_padding=\u00bb0&#8243; bottom_padding=\u00bb0&#8243; overlay_alpha=\u00bb50&#8243; equal_height=\u00bbyes\u00bb gutter_size=\u00bb0&#8243; column_width_percent=\u00bb100&#8243; shift_y=\u00bb0&#8243; z_index=\u00bb0&#8243; desktop_visibility=\u00bbyes\u00bb medium_visibility=\u00bbyes\u00bb][vc_column column_width_percent=\u00bb100&#8243; gutter_size=\u00bb3&#8243; overlay_alpha=\u00bb50&#8243; shift_x=\u00bb0&#8243; shift_y=\u00bb0&#8243; shift_y_down=\u00bb0&#8243; z_index=\u00bb0&#8243; medium_width=\u00bb0&#8243; mobile_width=\u00bb0&#8243; width=\u00bb1\/1&#8243; mobile_height=\u00bb340&#8243;][vc_custom_heading text_color=\u00bbcolor-569169&#8243;]Empresa[\/vc_custom_heading][vc_column_text]La sociedad con la denominaci\u00f3n social de\u00a0<strong>T\u00fanels de<\/strong>\u00a0<strong>Barcelona i Cad\u00ed, Concession\u00e0ria de la Generalitat de Catalunya, SA<\/strong>, ha sido la adjudicataria del contrato de gesti\u00f3n de servicio p\u00fablico en r\u00e9gimen de concesi\u00f3n para la conservaci\u00f3n y explotaci\u00f3n de los t\u00faneles de Vallvidrera y sus accesos, y del t\u00fanel del cad\u00ed y sus accesos, inici\u00e1ndose la explotaci\u00f3n en el a\u00f1o 2013.<\/p>\n<p>La sociedad est\u00e1 dirigida, administrada y representada por el Consejo de Administraci\u00f3n, integrado por seis miembros en representaci\u00f3n de los accionistas.[\/vc_column_text][\/vc_column][\/vc_row]<\/p>\n<\/div>","protected":false},"excerpt":{"rendered":"<p>[vc_row unlock_row_content=\u00bbyes\u00bb row_height_percent=\u00bb0&#8243; override_padding=\u00bbyes\u00bb h_padding=\u00bb0&#8243; top_padding=\u00bb0&#8243; bottom_padding=\u00bb0&#8243; overlay_alpha=\u00bb50&#8243; equal_height=\u00bbyes\u00bb gutter_size=\u00bb0&#8243; column_width_percent=\u00bb100&#8243; shift_y=\u00bb0&#8243; z_index=\u00bb0&#8243; mobile_visibility=\u00bbyes\u00bb][vc_column column_width_percent=\u00bb100&#8243; gutter_size=\u00bb3&#8243; back_image=\u00bb9&#8243; overlay_alpha=\u00bb50&#8243; shift_x=\u00bb0&#8243; shift_y=\u00bb0&#8243; [&hellip;]<\/p>\n","protected":false},"author":1,"featured_media":0,"parent":0,"menu_order":0,"comment_status":"closed","ping_status":"closed","template":"","meta":{"footnotes":""},"_links":{"self":[{"href":"https:\/\/tunels.cat\/es\/wp-json\/wp\/v2\/pages\/83652"}],"collection":[{"href":"https:\/\/tunels.cat\/es\/wp-json\/wp\/v2\/pages"}],"about":[{"href":"https:\/\/tunels.cat\/es\/wp-json\/wp\/v2\/types\/page"}],"author":[{"embeddable":true,"href":"https:\/\/tunels.cat\/es\/wp-json\/wp\/v2\/users\/1"}],"replies":[{"embeddable":true,"href":"https:\/\/tunels.cat\/es\/wp-json\/wp\/v2\/comments?post=83652"}],"version-history":[{"count":6,"href":"https:\/\/tunels.cat\/es\/wp-json\/wp\/v2\/pages\/83652\/revisions"}],"predecessor-version":[{"id":84868,"href":"https:\/\/tunels.cat\/es\/wp-json\/wp\/v2\/pages\/83652\/revisions\/84868"}],"wp:attachment":[{"href":"https:\/\/tunels.cat\/es\/wp-json\/wp\/v2\/media?parent=83652"}],"curies":[{"name":"wp","href":"https:\/\/api.w.org\/{rel}","templated":true}]}}

<div class="wpb-content-wrapper"><p>[vc_row unlock_row_content=»yes» row_height_percent=»0&#8243; override_padding=»yes» h_padding=»0&#8243; top_padding=»0&#8243; bottom_padding=»0&#8243; overlay_alpha=»50&#8243; equal_height=»yes» gutter_size=»0&#8243; column_width_percent=»100&#8243; shift_y=»0&#8243; z_index=»0&#8243; mobile_visibility=»yes»][vc_column column_width_percent=»100&#8243; gutter_size=»3&#8243; back_image=»9&#8243; overlay_alpha=»50&#8243; shift_x=»0&#8243; shift_y=»0&#8243; shift_y_down=»0&#8243; z_index=»0&#8243; medium_width=»0&#8243; mobile_width=»0&#8243; width=»5/12&#8243; mobile_height=»340&#8243;][vc_single_image media=»82811&#8243; media_width_percent=»100&#8243;][vc_single_image media=»82815&#8243; media_width_percent=»100&#8243;][vc_single_image media=»82816&#8243; media_width_percent=»100&#8243;][/vc_column][vc_column column_width_use_pixel=»yes» gutter_size=»3&#8243; override_padding=»yes» column_padding=»2&#8243; overlay_alpha=»50&#8243; shift_x=»0&#8243; shift_y=»0&#8243; shift_y_down=»0&#8243; z_index=»0&#8243; medium_width=»0&#8243; mobile_width=»0&#8243; width=»7/12&#8243; column_width_pixel=»528&#8243;][vc_column_text text_lead=»yes»]La sociedad con la denominación social de <strong>Túnels de</strong> <strong>Barcelona i Cadí, Concessionària de la Generalitat de Catalunya, SA</strong>, ha sido la adjudicataria del contrato de gestión de servicio público en régimen de concesión para la conservación y explotación de los túneles de Vallvidrera y sus accesos, y del túnel del cadí y sus accesos, iniciándose la explotación en el año 2013.</p>
<p>La sociedad está dirigida, administrada y representada por el Consejo de Administración, integrado por seis miembros en representación de los accionistas.[/vc_column_text][/vc_column][/vc_row][vc_row unlock_row_content=»yes» row_height_percent=»0&#8243; override_padding=»yes» h_padding=»0&#8243; top_padding=»0&#8243; bottom_padding=»0&#8243; overlay_alpha=»50&#8243; equal_height=»yes» gutter_size=»0&#8243; column_width_percent=»100&#8243; shift_y=»0&#8243; z_index=»0&#8243; desktop_visibility=»yes» medium_visibility=»yes»][vc_column column_width_percent=»100&#8243; gutter_size=»3&#8243; overlay_alpha=»50&#8243; shift_x=»0&#8243; shift_y=»0&#8243; shift_y_down=»0&#8243; z_index=»0&#8243; medium_width=»0&#8243; mobile_width=»0&#8243; width=»1/1&#8243; mobile_height=»340&#8243;][vc_custom_heading text_color=»color-569169&#8243;]Empresa[/vc_custom_heading][vc_column_text]La sociedad con la denominación social de <strong>Túnels de</strong> <strong>Barcelona i Cadí, Concessionària de la Generalitat de Catalunya, SA</strong>, ha sido la adjudicataria del contrato de gestión de servicio público en régimen de concesión para la conservación y explotación de los túneles de Vallvidrera y sus accesos, y del túnel del cadí y sus accesos, iniciándose la explotación en el año 2013.</p>
<p>La sociedad está dirigida, administrada y representada por el Consejo de Administración, integrado por seis miembros en representación de los accionistas.[/vc_column_text][/vc_column][/vc_row]</p>
</div>
